t c be o - (0 + 4 - 1). Let m(i) = -i. Calculate m(c).
-5
Let y(b) = -b**2 - 5*b + 7. Let f be y(-6). Let l = 1 + 1. Let r(o) = 0*o + o + 2*o**2 - f + o - 3*o**l. Give r(3).
-4
Let i(l) = l**2 - 8*l + 3. Suppose -2*j = 14 - 26. Determine i(j).
-9
Let p(w) = -w**3 - 2*w**2 + 2*w + 2. Suppose r = -5*s + 2, 2*r + 15 = 3*s + 6. Let i = r + 1. Calculate p(i).
-2
Let g(w) be the second derivative of -w**3/6 + 3*w**2/2 - 13*w. Determine g(0).
3
Suppose -j + 3*j - 8 = 0. Let m(i) = -1 + 0 + j + 2 - i. Determine m(-4).
9
Let w be (6/4 - 1)*2. Let l = w + -5. Let k(q) be the first derivative of q**4/4 + 5*q**3/3 + 3*q**2 + 6*q - 1. Determine k(l).
-2
Suppose 5*h - 4*x = -11, 4 - 17 = 3*h - 4*x. Let s(r) = -8*r**3 - r. What is s(h)?
-9
Let u(g) = 0*g - 2*g**2 + 1 - 4*g + 4*g. Give u(-2).
-7
Let r(y) = y**2 - 4. Suppose 0*d = -3*j + d - 27, j - 5*d = 5. Suppose -q - 60 = -6*q. Let l be (q/10)/((-4)/j). Calculate r(l).
5
Let q be 2 - (1 + -1)/1. Let o(t) = 0*t**2 - 4*t + 3 + 4*t**3 + t**2 - 3*t**3. Calculate o(q).
7
Let o(t) be the second derivative of -t**5/60 + t**4/12 + t**3/2 - t**2 - 3*t. Let i(c) be the first derivative of o(c). Calculate i(-2).
-5
Let a(c) = c**3 - c**2 - 5. Suppose -2*g - 1 + 3 = -2*s, 4*s + 3*g = 3. Give a(s).
-5
Let l = -11 - -13. Let b(h) = 6 - 5*h + h + h**l + 5*h - 9*h. Calculate b(6).
-6
Let t = -21 + 30. Let l = t - 8. Let x(v) be the second derivative of -v**3/6 + v. Give x(l).
-1
Let o(v) = v + 7. Suppose 0*a - 12 = 4*a. Give o(a).
4
Let a(k) = 11*k**3 - 8*k**2 - 19*k + 5. Let x(y) = 5*y**3 - 3*y**2 - 9*y + 3. Let c(i) = -4*a(i) + 9*x(i). Suppose -12 = 4*h - 2*h. Calculate c(h).
1
Let t be 60/(-33) - 10/55. Let l(r) = -6*r**2 + 1 + 5*r**2 - 2. Determine l(t).
-5
Let k(n) be the second derivative of -n**4/12 - 2*n**3/3 - 3*n**2/2 + 17*n. Calculate k(-2).
1
Let a(y) = y**3 - 4*y**2 + 2*y. Let u be a(4). Let g = 11 - u. Let k(r) = 3*r - 2. What is k(g)?
7
Let d(j) = -j + 4. Let r = 2 + -1. Let w(t) = -3*t + t - 3*t**2 + 2*t**3 + 1 + 5*t**2. Let m be w(r). Determine d(m).
1
Suppose -3*b + 0*b = 0. Let w(s) = -1 + s**3 + 4*s**2 + 2*s + b*s**3 - 3*s - 5*s. Let m(o) = o - 5. Let y be m(0). Give w(y).
4
Let k be 188/(-16) + (-3)/(-4). Let o = k - -17. Let d(f) = -f**2 + 7*f - 7. Determine d(o).
-1
Let f(k) be the third derivative of -k**5/60 - k**4/4 + 2*k**3/3 - 12*k**2. Determine f(-6).
4
Let r(v) = -v**3 - 5*v**2 - 5*v - 3. Let x be 88/(-10) - 1/5. Let c = x - -6. What is r(c)?
-6
Let s(n) = 9 - 6 - 3 - 3 + 3*n. Determine s(2).
3
Suppose -2 = -d + 5. Let c(b) = -3*b + d*b - 2*b + b. Calculate c(1).
3
Let v(c) = 2*c**3 - c**2 - c. Let q be v(-1). Let d(y) = -y**3 - 5 + 0*y**3 - 2*y**2 - y + 7 - 4. What is d(q)?
0
Let o(t) be the first derivative of -t**4/24 + 4*t**3/3 - t**2 - 3. Let k(l) be the second derivative of o(l). Determine k(6).
2
Let k(u) = -u**2 + 5. Suppose -6*a + 237 = 207. Determine k(a).
-20
Let b(h) = -6*h. Suppose 0 = -5*u + 2*u - 6. What is b(u)?
12
Let c(n) = n**2 - n - 1. Let b be c(-1). Let q(l) = 6 - b - 2 + l + 2. Calculate q(-5).
0
Let a(x) = -x**2 - 3*x. Let o be (4 + (-57)/12)*4. Calculate a(o).
0
Suppose 3*u - 3*z = -2*z, 4*u - 3*z + 5 = 0. Let w be u + -3 - 0/(-5). Let b(g) = -2*g - 2. Give b(w).
2
Let w(u) = u**2 + 7*u + 3. Suppose 28 = -18*t + 14*t. Calculate w(t).
3
Let x(j) = 7*j**2 - 2*j + 1. Let v be x(1). Let w(r) = r - 4. What is w(v)?
2
Let c = 12 - 26. Let i be (-8)/(-6) + c/(-21). Let j(w) = 4*w + 2*w**3 - 3*w**3 + 2 - 3*w + w**2 - 3*w. Determine j(i).
-6
Let u(o) = -11*o + 1. Let d(s) = 16*s - 2. Let z(l) = 5*d(l) + 7*u(l). Calculate z(-3).
-12
Let f = -79 - -79. Let b(l) be the second derivative of -3*l - 1/3*l**3 - 1/12*l**4 - 1/2*l**2 + f + 1/20*l**5. Calculate b(-1).
-1
Let n(j) be the second derivative of j + 1/3*j**3 - 1/2*j**2 - 1/6*j**4 + 0 - 1/5*j**5. Give n(1).
-5
Let c(k) = 5 + k + 5*k - 5*k. Let a(r) = 1. Let w(q) = -6*a(q) + c(q). Determine w(-1).
-2
Let s be (-4)/(4/(-2)) + 0. Let i be 6/s + (1 - 2). Let t(p) = 3*p**i + p**3 + 1 + p**3 - 3*p**3. Determine t(3).
1
Let q(s) be the second derivative of s**5/20 + s**4/4 - 2*s**3/3 - s**2 + 2*s. Let m = 1 + -5. Calculate q(m).
-2
Let l(w) = w**3 + 5*w**2 - 7*w - 7. Let k = 52 - 58. Calculate l(k).
-1
Let q(d) = -5*d**3 - 2*d**2 + 1. Let b be q(-1). Suppose -b*c - 6 = 2. Let r(z) = 5*z + 2. What is r(c)?
-8
Let q(g) = -g + 2. Let b(h) = -h - 1. Let x be (-1)/(-6 + 3)*3. Let w(s) = x*q(s) + b(s). What is w(1)?
-1
Let w(v) = 2*v + 3*v + 0*v**2 + 2*v**2 + 1 - 4. Let c be 8/(-2)*(-2 - -3). What is w(c)?
9
Let i(j) = j**3 - 6*j**2 + 5*j + 6. Suppose 0*o + 4*o - 20 = 0. What is i(o)?
6
Suppose -2*i - 8 = -4*i. Let m(k) = 6*k - k**2 + i - 9 + 2*k**2. Give m(-5).
-10
Let i(t) be the first derivative of -t**2/2 - 7*t + 1. Let r be i(-5). Let p(v) be the second derivative of v**5/20 + v**4/6 + v**3/6 + 94*v. Give p(r).
-2
Let k(t) = t**3 - 3*t**2 + 2. Let x be 4/4 + (1 - -2). Suppose 0 = -x*l + 5*a + 12, 4*l - 6 = -4*a + 6. Determine k(l).
2
Let r(h) = h**2 + 5*h + 1. Suppose 0 = y + 2*y + 3. Let u = -4 + y. Give r(u).
1
Let r(m) = -3 + 4 + 0 + 0 + m. Determine r(-4).
-3
Let q = -14 + 16. Let l(f) = 1 - q*f - 3*f**2 - 3*f**2 - 7*f**3 + 4*f**2 + 3*f**2. What is l(1)?
-7
Let w(x) = x**2 - 7*x + 3. Let i be 4/(-14) + 132/21. What is w(i)?
-3
Let k(r) = r - 3. Suppose 0 = -5*n + 2*i + 40, 0 = 2*n - n + i - 1. Give k(n).
3
Let j(v) = -v**3 - v**2 - v - 2. Let y(z) = -z**3 + 2*z**2 + 2*z + 2. Let s be y(3). Let x = s + 1. What is j(x)?
-2
Let k(v) = -v**3 + 3*v**2 - 3. Suppose 6 = -s + 3*d, s - 3*s - 2*d + 12 = 0. What is k(s)?
-3
Let k(s) = -s**2 - 3*s + 1. Suppose -8*d + 3*d = 10. Calculate k(d).
3
Let w(u) = 3*u**2 + u. Let x be w(-1). Suppose 1 = -g - 0*g, -5*i - x*g = -8. Let o = 0 - i. Let m(h) = h**3 + 4*h**2 + 4*h + 2. What is m(o)?
2
Let b(t) = -20*t**3 - 20*t**2 + 3*t + 3. Let h(c) = 7*c**3 + 7*c**2 - c - 1. Let q = 20 + -14. Let p(u) = q*b(u) + 17*h(u). Let w = -1 - -1. What is p(w)?
1
Let d(r) = -4*r**2 - 1. Suppose 0*j = j + 1. Let k be j/(((-6)/(-2))/9). Let h = k - -4. Give d(h).
-5
Let d(b) = 4*b + 12*b**2 + 6*b**3 - 11*b**2 + 6 - 3 - 5*b**3. Give d(-2).
-9
Suppose -1 = -5*n + 9. Let l(i) = -2*i**2 + 2*i + 2. What is l(n)?
-2
Let z(s) be the second derivative of -s**3/2 + s**2/2 - s. Let y be (-6)/10 - (-128)/80. What is z(y)?
-2
Let t(y) be the first derivative of y**4/4 - y**3 + y + 10. What is t(3)?
1
Let c(p) = 7*p**3 + 3*p**2 - 10*p + 4. Let j(w) = 20*w**3 + 9*w**2 - 29*w + 11. Let g(i) = -17*c(i) + 6*j(i). Suppose 1 = -4*b - 11. Calculate g(b).
10
Suppose 3*w - 4*n - 13 = 0, -3*w + 2*n = -0*n - 11. Let c = 4 - 3. Let g(k) = k - k**3 + w - k**2 - c + 2. What is g(0)?
4
Let v = 107 - 101. Let t(g) = -g**2 + 6*g + 7. Determine t(v).
7
Let k = 1 + -2. Let c(w) = 4*w**2 + w. Give c(k).
3
Let d = -6 - -8. Let y(k) be the third derivative of -k**6/120 + k**5/60 + k**4/8 - k**3/3 - 7*k**2. Determine y(d).
0
Let c(q) = 3*q - 77 + 77 - 4*q. Calculate c(-5).
5
Let q(c) = -9*c**2 - c - 4. Let k(y) = -19*y**2 - 2*y - 9. Let a(u) = 3*k(u) - 7*q(u). Calculate a(-1).
6
Suppose 0*t = -4*t + 4. Let l(z) = 4*z**3 - 8*z**2 + 1 - 5*z**3 + t - 8*z. What is l(-7)?
9
Let w(g) = 0*g + 15*g**2 - 16*g**2 + g + 18. Determine w(0).
18
Let y(j) be the first derivative of j**2/2 + 13. What is y(-1)?
-1
Let z(u) = -24 + u**2 + 2*u + 21 + 5*u. Calculate z(-8).
5
Let a(i) = i**3 + 5*i**2 + 4*i. Let k(d) be the first derivative of d**4/4 + 5*d**3/3 + 2*d**2 - 2. Let r(c) = 4*a(c) - 3*k(c). Give r(-3).
6
Let h(f) = 5*f + 6. Let m(k) = 4*k + 5. Let o = -5 + 8. Let s = o + -7. Let d(t) = s*m(t) + 3*h(t). What is d(-5)?
3
Suppose 0 = -3*h + 6*h - 24. Suppose 3*v - h + 2 = 0. Let l(z) = -2*z**2 + 2*z - 1. Let b be l(v). Let c(y) = -3*y - 7. What is c(b)?
8
Let t(r) = -20*r**3 + r**2 + 2*r + 12. Let v(q) = 7*q**3 - q - 4. Let c(d) = 6*t(d) + 17*v(d). Let k be 6*1 + -5 + 4. Give c(k).
4
Let t(b) be the third derivative of b**5/60 - b**4/8 + b**3/3 - b**2 + 6. Calculate t(2).
0
Let x(t) = t**2 + 15*t + 11*t - 23*t. Give x(-5).
10
Let j = -7 - -5. Let a(z) be the second derivative of -1/2*z**2 + 0 - 2*z - 1/3*z**3. What is a(j)?
3
Let b be (0/(-3))/(2 + -1). Let p(u) = u**3 + 4*u**2 - u - 2. Let c be p(-4). Let v(q) = 0*q**c + q + q**2 - q. What is v(b)?
0
Let w(c